{"id":155,"date":"2026-04-10T18:49:09","date_gmt":"2026-04-10T22:49:09","guid":{"rendered":"https:\/\/oftalmologodeloeste.com\/staging\/8987\/?page_id=155"},"modified":"2026-04-16T22:28:57","modified_gmt":"2026-04-17T02:28:57","slug":"inicio","status":"publish","type":"page","link":"https:\/\/oftalmologodeloeste.com\/staging\/8987\/","title":{"rendered":"Inicio"},"content":{"rendered":"\t\t<div data-elementor-type=\"wp-page\" data-elementor-id=\"155\" class=\"elementor elementor-155\" data-elementor-post-type=\"page\">\n\t\t\t\t<div class=\"elementor-element elementor-element-b4e6f35 e-con-full e-flex e-con e-parent\" data-id=\"b4e6f35\" data-element_type=\"container\" data-e-type=\"container\" data-settings=\"{&quot;background_background&quot;:&quot;classic&quot;}\">\n\t\t\t\t<div class=\"elementor-element elementor-element-47ca776 elementor-widget elementor-widget-heading\" data-id=\"47ca776\" data-element_type=\"widget\" data-e-type=\"widget\" data-widget_type=\"heading.default\">\n\t\t\t\t\t<h2 class=\"elementor-heading-title elementor-size-default\">Instituto Oftalmol\u00f3gico<\/h2>\t\t\t\t<\/div>\n\t\t\t\t<div class=\"elementor-element elementor-element-0b1327c elementor-widget elementor-widget-heading\" data-id=\"0b1327c\" data-element_type=\"widget\" data-e-type=\"widget\" data-widget_type=\"heading.default\">\n\t\t\t\t\t<h2 class=\"elementor-heading-title elementor-size-default\">Porta del Sol<\/h2>\t\t\t\t<\/div>\n\t\t\t\t<div class=\"elementor-element elementor-element-9a5b638 elementor-button-info elementor-widget__width-initial elementor-widget elementor-widget-button\" data-id=\"9a5b638\" data-element_type=\"widget\" data-e-type=\"widget\" data-widget_type=\"button.default\">\n\t\t\t\t\t\t\t\t\t\t<a class=\"elementor-button elementor-button-link elementor-size-sm\" href=\"tel:7874636992\">\n\t\t\t\t\t\t<span class=\"elementor-button-content-wrapper\">\n\t\t\t\t\t\t\t\t\t<span class=\"elementor-button-text\">LL\u00c1MENOS HOY<\/span>\n\t\t\t\t\t<\/span>\n\t\t\t\t\t<\/a>\n\t\t\t\t\t\t\t\t<\/div>\n\t\t\t\t<\/div>\n\t\t<div class=\"elementor-element elementor-element-4786460f e-con-full e-flex e-con e-parent\" data-id=\"4786460f\" data-element_type=\"container\" data-e-type=\"container\" data-settings=\"{&quot;background_background&quot;:&quot;classic&quot;}\">\n\t\t\t\t<div class=\"elementor-element elementor-element-32730372 elementor-widget elementor-widget-heading\" data-id=\"32730372\" data-element_type=\"widget\" data-e-type=\"widget\" data-widget_type=\"heading.default\">\n\t\t\t\t\t<h1 class=\"elementor-heading-title elementor-size-default\">\u00a1Bienvenidos al oftalm\u00f3logo del oeste!<\/h1>\t\t\t\t<\/div>\n\t\t\t\t<\/div>\n\t\t<div class=\"elementor-element elementor-element-73ca06b e-flex e-con-boxed e-con e-parent\" data-id=\"73ca06b\" data-element_type=\"container\" data-e-type=\"container\">\n\t\t\t\t\t<div class=\"e-con-inner\">\n\t\t\t\t<div class=\"elementor-element elementor-element-379022b elementor-widget elementor-widget-spacer\" data-id=\"379022b\" data-element_type=\"widget\" data-e-type=\"widget\" data-widget_type=\"spacer.default\">\n\t\t\t\t\t\t\t<div class=\"elementor-spacer\">\n\t\t\t<div class=\"elementor-spacer-inner\"><\/div>\n\t\t<\/div>\n\t\t\t\t\t\t<\/div>\n\t\t\t\t\t<\/div>\n\t\t\t\t<\/div>\n\t\t<div class=\"elementor-element elementor-element-b8b95d4 e-flex e-con-boxed e-con e-parent\" data-id=\"b8b95d4\" data-element_type=\"container\" data-e-type=\"container\">\n\t\t\t\t\t<div class=\"e-con-inner\">\n\t\t<div class=\"elementor-element elementor-element-85192bd e-con-full e-flex e-con e-child\" data-id=\"85192bd\" data-element_type=\"container\" data-e-type=\"container\">\n\t\t\t\t\t\t\t\n\t\t\t<a\n\t\t\t\t\t\thref=\"https:\/\/oftalmologodeloeste.com\/staging\/8987\/servicios\/\"\n\t\t\tclass=\"e-image-link-base\"\n\t\t\ttarget=\"_self\"\n\t\t\tdata-interaction-id=\"0439b59\"\n\t\t>\n\t\t<img loading=\"lazy\" class=\"e-image-base \" \n\t\t \n\t\t data-e-type=\"widget\" data-id=\"0439b59\"\n\t\t\t\t\t\t\t\t\tid=\"60\"\n\t\t\t\t\t\t\t\t\t\t\t\tsrc=\"https:\/\/oftalmologodeloeste.com\/staging\/8987\/wp-content\/uploads\/2026\/04\/servicesImage-scaled.webp\"\n\t\t\t\t\t\t\t\t\t\t\t\twidth=\"1920\"\n\t\t\t\t\t\t\t\t\t\t\t\theight=\"1281\"\n\t\t\t\t\t\t\t\t\t\t\t\tsrcset=\"https:\/\/oftalmologodeloeste.com\/staging\/8987\/wp-content\/uploads\/2026\/04\/servicesImage-scaled.webp 1920w, https:\/\/oftalmologodeloeste.com\/staging\/8987\/wp-content\/uploads\/2026\/04\/servicesImage-300x200.webp 300w, https:\/\/oftalmologodeloeste.com\/staging\/8987\/wp-content\/uploads\/2026\/04\/servicesImage-1024x683.webp 1024w, https:\/\/oftalmologodeloeste.com\/staging\/8987\/wp-content\/uploads\/2026\/04\/servicesImage-768x513.webp 768w, https:\/\/oftalmologodeloeste.com\/staging\/8987\/wp-content\/uploads\/2026\/04\/servicesImage-1536x1025.webp 1536w\"\n\t\t\t\t\t\t\t\t\t\t\t\talt=\"Servicios que ofrece el oftalm\u00f3logo del oeste.\"\n\t\t\t\t\t\t\/>\n\t\t\t<\/a>\n\t\t\t\t\t<\/div>\n\t\t<div class=\"elementor-element elementor-element-9a61519 e-con-full e-flex e-con e-child\" data-id=\"9a61519\" data-element_type=\"container\" data-e-type=\"container\">\n\t\t\t\t<div class=\"elementor-element elementor-element-a4f26e7 elementor-widget elementor-widget-heading\" data-id=\"a4f26e7\" data-element_type=\"widget\" data-e-type=\"widget\" data-widget_type=\"heading.default\">\n\t\t\t\t\t<h2 class=\"elementor-heading-title elementor-size-default\"><a href=\"https:\/\/oftalmologodeloeste.com\/staging\/8987\/servicios\/\">SERVICIOS<\/a><\/h2>\t\t\t\t<\/div>\n\t\t\t\t<div class=\"elementor-element elementor-element-7f371fc elementor-widget elementor-widget-text-editor\" data-id=\"7f371fc\" data-element_type=\"widget\" data-e-type=\"widget\" data-widget_type=\"text-editor.default\">\n\t\t\t\t\t\t\t\t\t<p>Conozca en detalle los servicios que ofrece el oftalm\u00f3logo del oeste.\u00a0 Est\u00e1n dise\u00f1ados para atender una amplia variedad de <strong><a href=\"http:\/\/instituto-oftalmolgico-porta-del-sol.local\/condiciones\/\" target=\"_blank\" rel=\"noopener\">condiciones visuales<\/a><\/strong> con profesionalismo y tecnolog\u00eda avanzada. De hecho, muchos de estos servicios est\u00e1n <a href=\"https:\/\/oftalmologodeloeste.com\/staging\/8987\/planes\/\"><strong>cubiertos por los planes m\u00e9dicos que aceptamos<\/strong><\/a>, lo que facilita el acceso a una atenci\u00f3n de calidad para usted y su familia. Explore nuestra secci\u00f3n de servicios y descubra c\u00f3mo podemos apoyar su salud visual.<\/p>\t\t\t\t\t\t\t\t<\/div>\n\t\t\t\t<\/div>\n\t\t\t\t\t<\/div>\n\t\t\t\t<\/div>\n\t\t<div class=\"elementor-element elementor-element-2e15ebc e-flex e-con-boxed e-con e-parent\" data-id=\"2e15ebc\" data-element_type=\"container\" data-e-type=\"container\">\n\t\t\t\t\t<div class=\"e-con-inner\">\n\t\t\t\t<div class=\"elementor-element elementor-element-6fec55f elementor-widget elementor-widget-spacer\" data-id=\"6fec55f\" data-element_type=\"widget\" data-e-type=\"widget\" data-widget_type=\"spacer.default\">\n\t\t\t\t\t\t\t<div class=\"elementor-spacer\">\n\t\t\t<div class=\"elementor-spacer-inner\"><\/div>\n\t\t<\/div>\n\t\t\t\t\t\t<\/div>\n\t\t\t\t\t<\/div>\n\t\t\t\t<\/div>\n\t\t<div class=\"elementor-element elementor-element-688ac2c e-con-full e-flex e-con e-parent\" data-id=\"688ac2c\" data-element_type=\"container\" data-e-type=\"container\" data-settings=\"{&quot;background_background&quot;:&quot;classic&quot;}\">\n\t\t\t\t<div class=\"elementor-element elementor-element-b860cfb elementor-widget elementor-widget-image\" data-id=\"b860cfb\" data-element_type=\"widget\" data-e-type=\"widget\" data-widget_type=\"image.default\">\n\t\t\t\t\t\t\t\t\t\t\t\t\t\t\t\t<a href=\"https:\/\/oftalmologodeloeste.com\/staging\/8987\/planes\/\">\n\t\t\t\t\t\t\t<img loading=\"lazy\" decoding=\"async\" loading=\"lazy\" width=\"734\" height=\"54\" src=\"https:\/\/oftalmologodeloeste.com\/staging\/8987\/wp-content\/uploads\/2026\/04\/planesbar.fw_-1.webp\" class=\"attachment-large size-large wp-image-656\" alt=\"\" srcset=\"https:\/\/oftalmologodeloeste.com\/staging\/8987\/wp-content\/uploads\/2026\/04\/planesbar.fw_-1.webp 734w, https:\/\/oftalmologodeloeste.com\/staging\/8987\/wp-content\/uploads\/2026\/04\/planesbar.fw_-1-300x22.webp 300w\" sizes=\"auto, (max-width: 734px) 100vw, 734px\" \/>\t\t\t\t\t\t\t\t<\/a>\n\t\t\t\t\t\t\t\t\t\t\t\t\t\t\t<\/div>\n\t\t\t\t<\/div>\n\t\t<div class=\"elementor-element elementor-element-0ddacfd e-flex e-con-boxed e-con e-parent\" data-id=\"0ddacfd\" data-element_type=\"container\" data-e-type=\"container\">\n\t\t\t\t\t<div class=\"e-con-inner\">\n\t\t\t\t<div class=\"elementor-element elementor-element-481da92 elementor-widget elementor-widget-spacer\" data-id=\"481da92\" data-element_type=\"widget\" data-e-type=\"widget\" data-widget_type=\"spacer.default\">\n\t\t\t\t\t\t\t<div class=\"elementor-spacer\">\n\t\t\t<div class=\"elementor-spacer-inner\"><\/div>\n\t\t<\/div>\n\t\t\t\t\t\t<\/div>\n\t\t\t\t\t<\/div>\n\t\t\t\t<\/div>\n\t\t<div class=\"elementor-element elementor-element-f6d1d90 e-flex e-con-boxed e-con e-parent\" data-id=\"f6d1d90\" data-element_type=\"container\" data-e-type=\"container\">\n\t\t\t\t\t<div class=\"e-con-inner\">\n\t\t<div class=\"elementor-element elementor-element-9a75d20 e-con-full e-flex e-con e-child\" data-id=\"9a75d20\" data-element_type=\"container\" data-e-type=\"container\">\n\t\t\t\t\t\t\t\n\t\t\t<a href=\"https:\/\/oftalmologodeloeste.com\/staging\/8987\/equipo\/\" class=\"e-image-link-base\" target=\"_self\" data-interaction-id=\"0aad752\">\n\t\t<img loading=\"lazy\" class=\"e-image-base \" \n\t\t \n\t\t data-e-type=\"widget\" data-id=\"0aad752\"\n\t\t\t\t\t\t\t\t\tid=\"522\"\n\t\t\t\t\t\t\t\t\t\t\t\tsrc=\"https:\/\/oftalmologodeloeste.com\/staging\/8987\/wp-content\/uploads\/2026\/04\/DRArroyoHorizontal.webp\"\n\t\t\t\t\t\t\t\t\t\t\t\twidth=\"1376\"\n\t\t\t\t\t\t\t\t\t\t\t\theight=\"768\"\n\t\t\t\t\t\t\t\t\t\t\t\tsrcset=\"https:\/\/oftalmologodeloeste.com\/staging\/8987\/wp-content\/uploads\/2026\/04\/DRArroyoHorizontal.webp 1376w, https:\/\/oftalmologodeloeste.com\/staging\/8987\/wp-content\/uploads\/2026\/04\/DRArroyoHorizontal-300x167.webp 300w, https:\/\/oftalmologodeloeste.com\/staging\/8987\/wp-content\/uploads\/2026\/04\/DRArroyoHorizontal-1024x572.webp 1024w, https:\/\/oftalmologodeloeste.com\/staging\/8987\/wp-content\/uploads\/2026\/04\/DRArroyoHorizontal-768x429.webp 768w\"\n\t\t\t\t\t\t\t\t\t\t\t\talt=\"El oftalm\u00f3logo del oeste.\"\n\t\t\t\t\t\t\/>\n\t\t\t<\/a>\n\t\t\t\t\t<\/div>\n\t\t<div class=\"elementor-element elementor-element-1abd7d5 e-con-full e-flex e-con e-child\" data-id=\"1abd7d5\" data-element_type=\"container\" data-e-type=\"container\">\n\t\t\t\t<div class=\"elementor-element elementor-element-07add60 elementor-widget elementor-widget-heading\" data-id=\"07add60\" data-element_type=\"widget\" data-e-type=\"widget\" data-widget_type=\"heading.default\">\n\t\t\t\t\t<h2 class=\"elementor-heading-title elementor-size-default\"><a href=\"https:\/\/oftalmologodeloeste.com\/staging\/8987\/equipo\/\">NUESTRO EQUIPO<\/a><\/h2>\t\t\t\t<\/div>\n\t\t\t\t<div class=\"elementor-element elementor-element-e25085f elementor-widget elementor-widget-text-editor\" data-id=\"e25085f\" data-element_type=\"widget\" data-e-type=\"widget\" data-widget_type=\"text-editor.default\">\n\t\t\t\t\t\t\t\t\t<p>Conozca al equipo de profesionales que trabaja cada d\u00eda junto al oftalm\u00f3logo del oeste, para ofrecer una atenci\u00f3n visual de excelencia. En esta secci\u00f3n, puede explorar la trayectoria y preparaci\u00f3n de nuestro oftalm\u00f3logo, el <strong>Doctor Alberto Ort\u00edz-Arroyo M.D.<\/strong>, cuyo compromiso con su salud ocular gu\u00eda cada servicio que brindamos. As\u00ed que, descubra la experiencia y dedicaci\u00f3n que nos distinguen.<\/p>\t\t\t\t\t\t\t\t<\/div>\n\t\t\t\t<\/div>\n\t\t\t\t\t<\/div>\n\t\t\t\t<\/div>\n\t\t<div class=\"elementor-element elementor-element-1191218 e-flex e-con-boxed e-con e-parent\" data-id=\"1191218\" data-element_type=\"container\" data-e-type=\"container\">\n\t\t\t\t\t<div class=\"e-con-inner\">\n\t\t\t\t<div class=\"elementor-element elementor-element-2f01e7c elementor-widget elementor-widget-spacer\" data-id=\"2f01e7c\" data-element_type=\"widget\" data-e-type=\"widget\" data-widget_type=\"spacer.default\">\n\t\t\t\t\t\t\t<div class=\"elementor-spacer\">\n\t\t\t<div class=\"elementor-spacer-inner\"><\/div>\n\t\t<\/div>\n\t\t\t\t\t\t<\/div>\n\t\t\t\t\t<\/div>\n\t\t\t\t<\/div>\n\t\t<div class=\"elementor-element elementor-element-84c7ec5 e-con-full e-flex e-con e-parent\" data-id=\"84c7ec5\" data-element_type=\"container\" data-e-type=\"container\" data-settings=\"{&quot;background_background&quot;:&quot;classic&quot;}\">\n\t\t\t\t<div class=\"elementor-element elementor-element-be55e7b elementor-widget elementor-widget-heading\" data-id=\"be55e7b\" data-element_type=\"widget\" data-e-type=\"widget\" data-widget_type=\"heading.default\">\n\t\t\t\t\t<h2 class=\"elementor-heading-title elementor-size-default\"><a href=\"https:\/\/oftalmologodeloeste.com\/staging\/8987\/contacto\/\">326 calle Jes\u00fas Ramos Moca, PR 00676<\/a><\/h2>\t\t\t\t<\/div>\n\t\t\t\t<\/div>\n\t\t<div class=\"elementor-element elementor-element-af10ab4 e-flex e-con-boxed e-con e-parent\" data-id=\"af10ab4\" data-element_type=\"container\" data-e-type=\"container\">\n\t\t\t\t\t<div class=\"e-con-inner\">\n\t\t\t\t<div class=\"elementor-element elementor-element-d403903 elementor-widget elementor-widget-spacer\" data-id=\"d403903\" data-element_type=\"widget\" data-e-type=\"widget\" data-widget_type=\"spacer.default\">\n\t\t\t\t\t\t\t<div class=\"elementor-spacer\">\n\t\t\t<div class=\"elementor-spacer-inner\"><\/div>\n\t\t<\/div>\n\t\t\t\t\t\t<\/div>\n\t\t\t\t\t<\/div>\n\t\t\t\t<\/div>\n\t\t<div class=\"elementor-element elementor-element-e057fa1 e-flex e-con-boxed e-con e-parent\" data-id=\"e057fa1\" data-element_type=\"container\" data-e-type=\"container\">\n\t\t\t\t\t<div class=\"e-con-inner\">\n\t\t<div class=\"elementor-element elementor-element-0c9ea70 e-con-full e-flex e-con e-child\" data-id=\"0c9ea70\" data-element_type=\"container\" data-e-type=\"container\">\n\t\t\t\t\t\t\t\n\t\t\t<a href=\"https:\/\/oftalmologodeloeste.com\/staging\/8987\/equipo\/\" class=\"e-image-link-base\" target=\"_self\" data-interaction-id=\"ed28d08\">\n\t\t<img loading=\"lazy\" class=\"e-image-base \" \n\t\t \n\t\t data-e-type=\"widget\" data-id=\"ed28d08\"\n\t\t\t\t\t\t\t\t\tid=\"491\"\n\t\t\t\t\t\t\t\t\t\t\t\tsrc=\"https:\/\/oftalmologodeloeste.com\/staging\/8987\/wp-content\/uploads\/2026\/04\/exploracionOcular.webp\"\n\t\t\t\t\t\t\t\t\t\t\t\twidth=\"1408\"\n\t\t\t\t\t\t\t\t\t\t\t\theight=\"768\"\n\t\t\t\t\t\t\t\t\t\t\t\tsrcset=\"https:\/\/oftalmologodeloeste.com\/staging\/8987\/wp-content\/uploads\/2026\/04\/exploracionOcular.webp 1408w, https:\/\/oftalmologodeloeste.com\/staging\/8987\/wp-content\/uploads\/2026\/04\/exploracionOcular-300x164.webp 300w, https:\/\/oftalmologodeloeste.com\/staging\/8987\/wp-content\/uploads\/2026\/04\/exploracionOcular-1024x559.webp 1024w, https:\/\/oftalmologodeloeste.com\/staging\/8987\/wp-content\/uploads\/2026\/04\/exploracionOcular-768x419.webp 768w\"\n\t\t\t\t\t\t\t\t\t\t\t\talt=\"Condiciones que atendemos en el oftalm\u00f3logo del oeste.\"\n\t\t\t\t\t\t\/>\n\t\t\t<\/a>\n\t\t\t\t\t<\/div>\n\t\t<div class=\"elementor-element elementor-element-f0e835e e-con-full e-flex e-con e-child\" data-id=\"f0e835e\" data-element_type=\"container\" data-e-type=\"container\">\n\t\t\t\t<div class=\"elementor-element elementor-element-8a8bb4f elementor-widget elementor-widget-heading\" data-id=\"8a8bb4f\" data-element_type=\"widget\" data-e-type=\"widget\" data-widget_type=\"heading.default\">\n\t\t\t\t\t<h2 class=\"elementor-heading-title elementor-size-default\"><a href=\"https:\/\/oftalmologodeloeste.com\/staging\/8987\/condiciones\/\">CONDICIONES<\/a><\/h2>\t\t\t\t<\/div>\n\t\t\t\t<div class=\"elementor-element elementor-element-e647bf8 elementor-widget elementor-widget-text-editor\" data-id=\"e647bf8\" data-element_type=\"widget\" data-e-type=\"widget\" data-widget_type=\"text-editor.default\">\n\t\t\t\t\t\t\t\t\t<p>Explore las condiciones oculares que atiende el oftalm\u00f3logo del oeste con dedicaci\u00f3n y experiencia.\u00a0 Conozca c\u00f3mo cada diagn\u00f3stico es explicado de forma clara, confiable y accesible para usted y su familia. En nuestro instituto encontrar\u00e1 informaci\u00f3n \u00fatil sobre s\u00edntomas, causas y tratamientos, junto con el compromiso de un equipo que trabaja d\u00eda a d\u00eda para proteger su salud visual con atenci\u00f3n de calidad y un servicio humano que distingue al oeste de Puerto Rico.<\/p>\t\t\t\t\t\t\t\t<\/div>\n\t\t\t\t<\/div>\n\t\t\t\t\t<\/div>\n\t\t\t\t<\/div>\n\t\t\t\t<\/div>\n\t\t","protected":false},"excerpt":{"rendered":"<p>Instituto Oftalmol\u00f3gico Porta del Sol LL\u00c1MENOS HOY \u00a1Bienvenidos al oftalm\u00f3logo del oeste! SERVICIOS Conozca en detalle los servicios que ofrece el oftalm\u00f3logo del oeste.\u00a0 Est\u00e1n dise\u00f1ados para atender una amplia variedad de condiciones visuales con profesionalismo y tecnolog\u00eda avanzada. De hecho, muchos de estos servicios est\u00e1n cubiertos por los planes m\u00e9dicos que aceptamos, lo que [&hellip;]<\/p>\n","protected":false},"author":2,"featured_media":0,"parent":0,"menu_order":0,"comment_status":"closed","ping_status":"closed","template":"","meta":{"_acf_changed":false,"nf_dc_page":"","footnotes":""},"class_list":["post-155","page","type-page","status-publish","hentry"],"acf":[],"_links":{"self":[{"href":"https:\/\/oftalmologodeloeste.com\/staging\/8987\/wp-json\/wp\/v2\/pages\/155","targetHints":{"allow":["GET"]}}],"collection":[{"href":"https:\/\/oftalmologodeloeste.com\/staging\/8987\/wp-json\/wp\/v2\/pages"}],"about":[{"href":"https:\/\/oftalmologodeloeste.com\/staging\/8987\/wp-json\/wp\/v2\/types\/page"}],"author":[{"embeddable":true,"href":"https:\/\/oftalmologodeloeste.com\/staging\/8987\/wp-json\/wp\/v2\/users\/2"}],"replies":[{"embeddable":true,"href":"https:\/\/oftalmologodeloeste.com\/staging\/8987\/wp-json\/wp\/v2\/comments?post=155"}],"version-history":[{"count":147,"href":"https:\/\/oftalmologodeloeste.com\/staging\/8987\/wp-json\/wp\/v2\/pages\/155\/revisions"}],"predecessor-version":[{"id":778,"href":"https:\/\/oftalmologodeloeste.com\/staging\/8987\/wp-json\/wp\/v2\/pages\/155\/revisions\/778"}],"wp:attachment":[{"href":"https:\/\/oftalmologodeloeste.com\/staging\/8987\/wp-json\/wp\/v2\/media?parent=155"}],"curies":[{"name":"wp","href":"https:\/\/api.w.org\/{rel}","templated":true}]}}