{"id":149,"date":"2026-04-10T18:48:20","date_gmt":"2026-04-10T22:48:20","guid":{"rendered":"https:\/\/oftalmologodeloeste.com\/staging\/8987\/?page_id=149"},"modified":"2026-04-14T10:55:08","modified_gmt":"2026-04-14T14:55:08","slug":"condiciones","status":"publish","type":"page","link":"https:\/\/oftalmologodeloeste.com\/staging\/8987\/condiciones\/","title":{"rendered":"Condiciones que Atendemos"},"content":{"rendered":"\t\t<div data-elementor-type=\"wp-page\" data-elementor-id=\"149\" class=\"elementor elementor-149\" data-elementor-post-type=\"page\">\n\t\t\t\t<div class=\"elementor-element elementor-element-3e6951a e-flex e-con-boxed e-con e-parent\" data-id=\"3e6951a\" data-element_type=\"container\" data-e-type=\"container\">\n\t\t\t\t\t<div class=\"e-con-inner\">\n\t\t\t\t<div class=\"elementor-element elementor-element-9f42fe7 elementor-widget elementor-widget-text-editor\" data-id=\"9f42fe7\" data-element_type=\"widget\" data-e-type=\"widget\" data-widget_type=\"text-editor.default\">\n\t\t\t\t\t\t\t\t\t<p>El <strong>Instituto Oftalmol\u00f3gico Porta del Sol<\/strong> le da la bienvenida a nuestra p\u00e1gina de <em>Condiciones que atendemos<\/em>, un recurso creado para orientar a la comunidad del oeste de Puerto Rico sobre las enfermedades oculares m\u00e1s comunes y aquellas que requieren manejo especializado. Desde nuestro consultorio en <strong>Moca, Puerto Rico<\/strong>, el <em>oftalm\u00f3logo del oeste<\/em> y su equipo ofrecen informaci\u00f3n clara y accesible para ayudarle a comprender sus s\u00edntomas, conocer las causas de cada condici\u00f3n y descubrir las opciones de tratamiento disponibles. Le invitamos a explorar esta secci\u00f3n y dar el primer paso hacia un cuidado visual informado y de confianza.<\/p><p style=\"text-align: left;\"><strong>NOTA:<\/strong> Esta secci\u00f3n de nuestro sitio se presenta con fines \u00fanicamente informativos.\u00a0 Para un diagn\u00f3stico preciso y un tratamiento adecuado, coordine una cita llamando al <a href=\"tel:7874636992\"><strong>(787) 463-6992<\/strong><\/a>.<\/p>\t\t\t\t\t\t\t\t<\/div>\n\t\t\t\t<div class=\"elementor-element elementor-element-6a9aefa elementor-widget elementor-widget-spacer\" data-id=\"6a9aefa\" data-element_type=\"widget\" data-e-type=\"widget\" data-widget_type=\"spacer.default\">\n\t\t\t\t\t\t\t<div class=\"elementor-spacer\">\n\t\t\t<div class=\"elementor-spacer-inner\"><\/div>\n\t\t<\/div>\n\t\t\t\t\t\t<\/div>\n\t\t\t\t\t<\/div>\n\t\t\t\t<\/div>\n\t\t<div class=\"elementor-element elementor-element-d5c5a65 e-flex e-con-boxed e-con e-parent\" data-id=\"d5c5a65\" data-element_type=\"container\" data-e-type=\"container\">\n\t\t\t\t\t<div class=\"e-con-inner\">\n\t\t\t\t<div class=\"elementor-element elementor-element-0b6d991 elementor-grid-3 elementor-grid-tablet-2 elementor-grid-mobile-1 elementor-posts--thumbnail-top elementor-widget elementor-widget-posts\" data-id=\"0b6d991\" data-element_type=\"widget\" data-e-type=\"widget\" data-settings=\"{&quot;classic_row_gap&quot;:{&quot;unit&quot;:&quot;px&quot;,&quot;size&quot;:45,&quot;sizes&quot;:[]},&quot;classic_columns&quot;:&quot;3&quot;,&quot;classic_columns_tablet&quot;:&quot;2&quot;,&quot;classic_columns_mobile&quot;:&quot;1&quot;,&quot;classic_row_gap_tablet&quot;:{&quot;unit&quot;:&quot;px&quot;,&quot;size&quot;:&quot;&quot;,&quot;sizes&quot;:[]},&quot;classic_row_gap_mobile&quot;:{&quot;unit&quot;:&quot;px&quot;,&quot;size&quot;:&quot;&quot;,&quot;sizes&quot;:[]}}\" data-widget_type=\"posts.classic\">\n\t\t\t\t<div class=\"elementor-widget-container\">\n\t\t\t\t\t\t\t<div class=\"elementor-posts-container elementor-posts elementor-posts--skin-classic elementor-grid\" role=\"list\">\n\t\t\t\t<article class=\"elementor-post elementor-grid-item post-195 condicion type-condicion status-publish has-post-thumbnail hentry\" role=\"listitem\">\n\t\t\t\t<a class=\"elementor-post__thumbnail__link\" href=\"https:\/\/oftalmologodeloeste.com\/staging\/8987\/condicion\/alergias\/\" tabindex=\"-1\" >\n\t\t\t<div class=\"elementor-post__thumbnail\"><img loading=\"lazy\" decoding=\"async\" loading=\"lazy\" width=\"300\" height=\"200\" src=\"https:\/\/oftalmologodeloeste.com\/staging\/8987\/wp-content\/uploads\/2026\/04\/alergias-300x200.webp\" class=\"attachment-medium size-medium wp-image-16\" alt=\"\" srcset=\"https:\/\/oftalmologodeloeste.com\/staging\/8987\/wp-content\/uploads\/2026\/04\/alergias-300x200.webp 300w, https:\/\/oftalmologodeloeste.com\/staging\/8987\/wp-content\/uploads\/2026\/04\/alergias-1024x683.webp 1024w, https:\/\/oftalmologodeloeste.com\/staging\/8987\/wp-content\/uploads\/2026\/04\/alergias-768x512.webp 768w, https:\/\/oftalmologodeloeste.com\/staging\/8987\/wp-content\/uploads\/2026\/04\/alergias.webp 1536w\" sizes=\"auto, (max-width: 300px) 100vw, 300px\" \/><\/div>\n\t\t<\/a>\n\t\t\t\t<div class=\"elementor-post__text\">\n\t\t\t\t<h3 class=\"elementor-post__title\">\n\t\t\t<a href=\"https:\/\/oftalmologodeloeste.com\/staging\/8987\/condicion\/alergias\/\" >\n\t\t\t\tAlergias\t\t\t<\/a>\n\t\t<\/h3>\n\t\t\t\t<\/div>\n\t\t\t\t<\/article>\n\t\t\t\t<article class=\"elementor-post elementor-grid-item post-196 condicion type-condicion status-publish has-post-thumbnail hentry\" role=\"listitem\">\n\t\t\t\t<a class=\"elementor-post__thumbnail__link\" href=\"https:\/\/oftalmologodeloeste.com\/staging\/8987\/condicion\/ambliopia\/\" tabindex=\"-1\" >\n\t\t\t<div class=\"elementor-post__thumbnail\"><img loading=\"lazy\" decoding=\"async\" loading=\"lazy\" width=\"300\" height=\"200\" src=\"https:\/\/oftalmologodeloeste.com\/staging\/8987\/wp-content\/uploads\/2026\/04\/ambliopia-300x200.webp\" class=\"attachment-medium size-medium wp-image-18\" alt=\"\" srcset=\"https:\/\/oftalmologodeloeste.com\/staging\/8987\/wp-content\/uploads\/2026\/04\/ambliopia-300x200.webp 300w, https:\/\/oftalmologodeloeste.com\/staging\/8987\/wp-content\/uploads\/2026\/04\/ambliopia-1024x683.webp 1024w, https:\/\/oftalmologodeloeste.com\/staging\/8987\/wp-content\/uploads\/2026\/04\/ambliopia-768x512.webp 768w, https:\/\/oftalmologodeloeste.com\/staging\/8987\/wp-content\/uploads\/2026\/04\/ambliopia.webp 1536w\" sizes=\"auto, (max-width: 300px) 100vw, 300px\" \/><\/div>\n\t\t<\/a>\n\t\t\t\t<div class=\"elementor-post__text\">\n\t\t\t\t<h3 class=\"elementor-post__title\">\n\t\t\t<a href=\"https:\/\/oftalmologodeloeste.com\/staging\/8987\/condicion\/ambliopia\/\" >\n\t\t\t\tAmbliop\u00eda u Ojo Vago\t\t\t<\/a>\n\t\t<\/h3>\n\t\t\t\t<\/div>\n\t\t\t\t<\/article>\n\t\t\t\t<article class=\"elementor-post elementor-grid-item post-197 condicion type-condicion status-publish has-post-thumbnail hentry\" role=\"listitem\">\n\t\t\t\t<a class=\"elementor-post__thumbnail__link\" href=\"https:\/\/oftalmologodeloeste.com\/staging\/8987\/condicion\/astigmatismo\/\" tabindex=\"-1\" >\n\t\t\t<div class=\"elementor-post__thumbnail\"><img loading=\"lazy\" decoding=\"async\" loading=\"lazy\" width=\"300\" height=\"200\" src=\"https:\/\/oftalmologodeloeste.com\/staging\/8987\/wp-content\/uploads\/2026\/04\/astigmatismo-300x200.webp\" class=\"attachment-medium size-medium wp-image-20\" alt=\"\" srcset=\"https:\/\/oftalmologodeloeste.com\/staging\/8987\/wp-content\/uploads\/2026\/04\/astigmatismo-300x200.webp 300w, https:\/\/oftalmologodeloeste.com\/staging\/8987\/wp-content\/uploads\/2026\/04\/astigmatismo-1024x683.webp 1024w, https:\/\/oftalmologodeloeste.com\/staging\/8987\/wp-content\/uploads\/2026\/04\/astigmatismo-768x512.webp 768w, https:\/\/oftalmologodeloeste.com\/staging\/8987\/wp-content\/uploads\/2026\/04\/astigmatismo.webp 1536w\" sizes=\"auto, (max-width: 300px) 100vw, 300px\" \/><\/div>\n\t\t<\/a>\n\t\t\t\t<div class=\"elementor-post__text\">\n\t\t\t\t<h3 class=\"elementor-post__title\">\n\t\t\t<a href=\"https:\/\/oftalmologodeloeste.com\/staging\/8987\/condicion\/astigmatismo\/\" >\n\t\t\t\tAstigmatismo\t\t\t<\/a>\n\t\t<\/h3>\n\t\t\t\t<\/div>\n\t\t\t\t<\/article>\n\t\t\t\t<article class=\"elementor-post elementor-grid-item post-198 condicion type-condicion status-publish has-post-thumbnail hentry\" role=\"listitem\">\n\t\t\t\t<a class=\"elementor-post__thumbnail__link\" href=\"https:\/\/oftalmologodeloeste.com\/staging\/8987\/condicion\/cataratas\/\" tabindex=\"-1\" >\n\t\t\t<div class=\"elementor-post__thumbnail\"><img loading=\"lazy\" decoding=\"async\" loading=\"lazy\" width=\"300\" height=\"200\" src=\"https:\/\/oftalmologodeloeste.com\/staging\/8987\/wp-content\/uploads\/2026\/04\/catarata-300x200.webp\" class=\"attachment-medium size-medium wp-image-22\" alt=\"\" srcset=\"https:\/\/oftalmologodeloeste.com\/staging\/8987\/wp-content\/uploads\/2026\/04\/catarata-300x200.webp 300w, https:\/\/oftalmologodeloeste.com\/staging\/8987\/wp-content\/uploads\/2026\/04\/catarata-1024x683.webp 1024w, https:\/\/oftalmologodeloeste.com\/staging\/8987\/wp-content\/uploads\/2026\/04\/catarata-768x512.webp 768w, https:\/\/oftalmologodeloeste.com\/staging\/8987\/wp-content\/uploads\/2026\/04\/catarata.webp 1536w\" sizes=\"auto, (max-width: 300px) 100vw, 300px\" \/><\/div>\n\t\t<\/a>\n\t\t\t\t<div class=\"elementor-post__text\">\n\t\t\t\t<h3 class=\"elementor-post__title\">\n\t\t\t<a href=\"https:\/\/oftalmologodeloeste.com\/staging\/8987\/condicion\/cataratas\/\" >\n\t\t\t\tCataratas\t\t\t<\/a>\n\t\t<\/h3>\n\t\t\t\t<\/div>\n\t\t\t\t<\/article>\n\t\t\t\t<article class=\"elementor-post elementor-grid-item post-199 condicion type-condicion status-publish has-post-thumbnail hentry\" role=\"listitem\">\n\t\t\t\t<a class=\"elementor-post__thumbnail__link\" href=\"https:\/\/oftalmologodeloeste.com\/staging\/8987\/condicion\/chalazion-y-orzuelo\/\" tabindex=\"-1\" >\n\t\t\t<div class=\"elementor-post__thumbnail\"><img loading=\"lazy\" decoding=\"async\" loading=\"lazy\" width=\"300\" height=\"200\" src=\"https:\/\/oftalmologodeloeste.com\/staging\/8987\/wp-content\/uploads\/2026\/04\/orzuelo-300x200.webp\" class=\"attachment-medium size-medium wp-image-24\" alt=\"\" srcset=\"https:\/\/oftalmologodeloeste.com\/staging\/8987\/wp-content\/uploads\/2026\/04\/orzuelo-300x200.webp 300w, https:\/\/oftalmologodeloeste.com\/staging\/8987\/wp-content\/uploads\/2026\/04\/orzuelo-1024x683.webp 1024w, https:\/\/oftalmologodeloeste.com\/staging\/8987\/wp-content\/uploads\/2026\/04\/orzuelo-768x512.webp 768w, https:\/\/oftalmologodeloeste.com\/staging\/8987\/wp-content\/uploads\/2026\/04\/orzuelo.webp 1536w\" sizes=\"auto, (max-width: 300px) 100vw, 300px\" \/><\/div>\n\t\t<\/a>\n\t\t\t\t<div class=\"elementor-post__text\">\n\t\t\t\t<h3 class=\"elementor-post__title\">\n\t\t\t<a href=\"https:\/\/oftalmologodeloeste.com\/staging\/8987\/condicion\/chalazion-y-orzuelo\/\" >\n\t\t\t\tChalazi\u00f3n y Orzuelo\t\t\t<\/a>\n\t\t<\/h3>\n\t\t\t\t<\/div>\n\t\t\t\t<\/article>\n\t\t\t\t<article class=\"elementor-post elementor-grid-item post-205 condicion type-condicion status-publish has-post-thumbnail hentry\" role=\"listitem\">\n\t\t\t\t<a class=\"elementor-post__thumbnail__link\" href=\"https:\/\/oftalmologodeloeste.com\/staging\/8987\/condicion\/conjuntivitis\/\" tabindex=\"-1\" >\n\t\t\t<div class=\"elementor-post__thumbnail\"><img loading=\"lazy\" decoding=\"async\" loading=\"lazy\" width=\"300\" height=\"200\" src=\"https:\/\/oftalmologodeloeste.com\/staging\/8987\/wp-content\/uploads\/2026\/04\/conjuntivitis-300x200.webp\" class=\"attachment-medium size-medium wp-image-40\" alt=\"\" srcset=\"https:\/\/oftalmologodeloeste.com\/staging\/8987\/wp-content\/uploads\/2026\/04\/conjuntivitis-300x200.webp 300w, https:\/\/oftalmologodeloeste.com\/staging\/8987\/wp-content\/uploads\/2026\/04\/conjuntivitis-1024x683.webp 1024w, https:\/\/oftalmologodeloeste.com\/staging\/8987\/wp-content\/uploads\/2026\/04\/conjuntivitis-768x512.webp 768w, https:\/\/oftalmologodeloeste.com\/staging\/8987\/wp-content\/uploads\/2026\/04\/conjuntivitis.webp 1536w\" sizes=\"auto, (max-width: 300px) 100vw, 300px\" \/><\/div>\n\t\t<\/a>\n\t\t\t\t<div class=\"elementor-post__text\">\n\t\t\t\t<h3 class=\"elementor-post__title\">\n\t\t\t<a href=\"https:\/\/oftalmologodeloeste.com\/staging\/8987\/condicion\/conjuntivitis\/\" >\n\t\t\t\tConjuntivitis\t\t\t<\/a>\n\t\t<\/h3>\n\t\t\t\t<\/div>\n\t\t\t\t<\/article>\n\t\t\t\t<article class=\"elementor-post elementor-grid-item post-201 condicion type-condicion status-publish has-post-thumbnail hentry\" role=\"listitem\">\n\t\t\t\t<a class=\"elementor-post__thumbnail__link\" href=\"https:\/\/oftalmologodeloeste.com\/staging\/8987\/condicion\/dmre\/\" tabindex=\"-1\" >\n\t\t\t<div class=\"elementor-post__thumbnail\"><img loading=\"lazy\" decoding=\"async\" loading=\"lazy\" width=\"300\" height=\"200\" src=\"https:\/\/oftalmologodeloeste.com\/staging\/8987\/wp-content\/uploads\/2026\/04\/DMRE-300x200.webp\" class=\"attachment-medium size-medium wp-image-28\" alt=\"\" srcset=\"https:\/\/oftalmologodeloeste.com\/staging\/8987\/wp-content\/uploads\/2026\/04\/DMRE-300x200.webp 300w, https:\/\/oftalmologodeloeste.com\/staging\/8987\/wp-content\/uploads\/2026\/04\/DMRE-1024x683.webp 1024w, https:\/\/oftalmologodeloeste.com\/staging\/8987\/wp-content\/uploads\/2026\/04\/DMRE-768x512.webp 768w, https:\/\/oftalmologodeloeste.com\/staging\/8987\/wp-content\/uploads\/2026\/04\/DMRE.webp 1536w\" sizes=\"auto, (max-width: 300px) 100vw, 300px\" \/><\/div>\n\t\t<\/a>\n\t\t\t\t<div class=\"elementor-post__text\">\n\t\t\t\t<h3 class=\"elementor-post__title\">\n\t\t\t<a href=\"https:\/\/oftalmologodeloeste.com\/staging\/8987\/condicion\/dmre\/\" >\n\t\t\t\tDegeneraci\u00f3n Macular\t\t\t<\/a>\n\t\t<\/h3>\n\t\t\t\t<\/div>\n\t\t\t\t<\/article>\n\t\t\t\t<article class=\"elementor-post elementor-grid-item post-200 condicion type-condicion status-publish has-post-thumbnail hentry\" role=\"listitem\">\n\t\t\t\t<a class=\"elementor-post__thumbnail__link\" href=\"https:\/\/oftalmologodeloeste.com\/staging\/8987\/condicion\/desgarramiento-o-desprendimiento\/\" tabindex=\"-1\" >\n\t\t\t<div class=\"elementor-post__thumbnail\"><img loading=\"lazy\" decoding=\"async\" loading=\"lazy\" width=\"300\" height=\"200\" src=\"https:\/\/oftalmologodeloeste.com\/staging\/8987\/wp-content\/uploads\/2026\/04\/desprendimiento-300x200.webp\" class=\"attachment-medium size-medium wp-image-26\" alt=\"\" srcset=\"https:\/\/oftalmologodeloeste.com\/staging\/8987\/wp-content\/uploads\/2026\/04\/desprendimiento-300x200.webp 300w, https:\/\/oftalmologodeloeste.com\/staging\/8987\/wp-content\/uploads\/2026\/04\/desprendimiento-1024x683.webp 1024w, https:\/\/oftalmologodeloeste.com\/staging\/8987\/wp-content\/uploads\/2026\/04\/desprendimiento-768x512.webp 768w, https:\/\/oftalmologodeloeste.com\/staging\/8987\/wp-content\/uploads\/2026\/04\/desprendimiento.webp 1536w\" sizes=\"auto, (max-width: 300px) 100vw, 300px\" \/><\/div>\n\t\t<\/a>\n\t\t\t\t<div class=\"elementor-post__text\">\n\t\t\t\t<h3 class=\"elementor-post__title\">\n\t\t\t<a href=\"https:\/\/oftalmologodeloeste.com\/staging\/8987\/condicion\/desgarramiento-o-desprendimiento\/\" >\n\t\t\t\tDesgarramiento o Desprendimiento de la Retina\t\t\t<\/a>\n\t\t<\/h3>\n\t\t\t\t<\/div>\n\t\t\t\t<\/article>\n\t\t\t\t<article class=\"elementor-post elementor-grid-item post-202 condicion type-condicion status-publish has-post-thumbnail hentry\" role=\"listitem\">\n\t\t\t\t<a class=\"elementor-post__thumbnail__link\" href=\"https:\/\/oftalmologodeloeste.com\/staging\/8987\/condicion\/glaucoma\/\" tabindex=\"-1\" >\n\t\t\t<div class=\"elementor-post__thumbnail\"><img loading=\"lazy\" decoding=\"async\" loading=\"lazy\" width=\"300\" height=\"200\" src=\"https:\/\/oftalmologodeloeste.com\/staging\/8987\/wp-content\/uploads\/2026\/04\/glaucoma-300x200.webp\" class=\"attachment-medium size-medium wp-image-34\" alt=\"\" srcset=\"https:\/\/oftalmologodeloeste.com\/staging\/8987\/wp-content\/uploads\/2026\/04\/glaucoma-300x200.webp 300w, https:\/\/oftalmologodeloeste.com\/staging\/8987\/wp-content\/uploads\/2026\/04\/glaucoma-1024x683.webp 1024w, https:\/\/oftalmologodeloeste.com\/staging\/8987\/wp-content\/uploads\/2026\/04\/glaucoma-768x512.webp 768w, https:\/\/oftalmologodeloeste.com\/staging\/8987\/wp-content\/uploads\/2026\/04\/glaucoma.webp 1536w\" sizes=\"auto, (max-width: 300px) 100vw, 300px\" \/><\/div>\n\t\t<\/a>\n\t\t\t\t<div class=\"elementor-post__text\">\n\t\t\t\t<h3 class=\"elementor-post__title\">\n\t\t\t<a href=\"https:\/\/oftalmologodeloeste.com\/staging\/8987\/condicion\/glaucoma\/\" >\n\t\t\t\tGlaucoma\t\t\t<\/a>\n\t\t<\/h3>\n\t\t\t\t<\/div>\n\t\t\t\t<\/article>\n\t\t\t\t<article class=\"elementor-post elementor-grid-item post-203 condicion type-condicion status-publish has-post-thumbnail hentry\" role=\"listitem\">\n\t\t\t\t<a class=\"elementor-post__thumbnail__link\" href=\"https:\/\/oftalmologodeloeste.com\/staging\/8987\/condicion\/hemorragia-subconjuntival\/\" tabindex=\"-1\" >\n\t\t\t<div class=\"elementor-post__thumbnail\"><img loading=\"lazy\" decoding=\"async\" loading=\"lazy\" width=\"300\" height=\"200\" src=\"https:\/\/oftalmologodeloeste.com\/staging\/8987\/wp-content\/uploads\/2026\/04\/Hemorragia-Subconjuntival-300x200.webp\" class=\"attachment-medium size-medium wp-image-36\" alt=\"\" srcset=\"https:\/\/oftalmologodeloeste.com\/staging\/8987\/wp-content\/uploads\/2026\/04\/Hemorragia-Subconjuntival-300x200.webp 300w, https:\/\/oftalmologodeloeste.com\/staging\/8987\/wp-content\/uploads\/2026\/04\/Hemorragia-Subconjuntival-1024x683.webp 1024w, https:\/\/oftalmologodeloeste.com\/staging\/8987\/wp-content\/uploads\/2026\/04\/Hemorragia-Subconjuntival-768x512.webp 768w, https:\/\/oftalmologodeloeste.com\/staging\/8987\/wp-content\/uploads\/2026\/04\/Hemorragia-Subconjuntival.webp 1536w\" sizes=\"auto, (max-width: 300px) 100vw, 300px\" \/><\/div>\n\t\t<\/a>\n\t\t\t\t<div class=\"elementor-post__text\">\n\t\t\t\t<h3 class=\"elementor-post__title\">\n\t\t\t<a href=\"https:\/\/oftalmologodeloeste.com\/staging\/8987\/condicion\/hemorragia-subconjuntival\/\" >\n\t\t\t\tHemorragia Subconjuntival\t\t\t<\/a>\n\t\t<\/h3>\n\t\t\t\t<\/div>\n\t\t\t\t<\/article>\n\t\t\t\t<article class=\"elementor-post elementor-grid-item post-204 condicion type-condicion status-publish has-post-thumbnail hentry\" role=\"listitem\">\n\t\t\t\t<a class=\"elementor-post__thumbnail__link\" href=\"https:\/\/oftalmologodeloeste.com\/staging\/8987\/condicion\/miopia\/\" tabindex=\"-1\" >\n\t\t\t<div class=\"elementor-post__thumbnail\"><img loading=\"lazy\" decoding=\"async\" loading=\"lazy\" width=\"300\" height=\"200\" src=\"https:\/\/oftalmologodeloeste.com\/staging\/8987\/wp-content\/uploads\/2026\/04\/miopia-300x200.webp\" class=\"attachment-medium size-medium wp-image-38\" alt=\"\" srcset=\"https:\/\/oftalmologodeloeste.com\/staging\/8987\/wp-content\/uploads\/2026\/04\/miopia-300x200.webp 300w, https:\/\/oftalmologodeloeste.com\/staging\/8987\/wp-content\/uploads\/2026\/04\/miopia-1024x683.webp 1024w, https:\/\/oftalmologodeloeste.com\/staging\/8987\/wp-content\/uploads\/2026\/04\/miopia-768x512.webp 768w, https:\/\/oftalmologodeloeste.com\/staging\/8987\/wp-content\/uploads\/2026\/04\/miopia.webp 1536w\" sizes=\"auto, (max-width: 300px) 100vw, 300px\" \/><\/div>\n\t\t<\/a>\n\t\t\t\t<div class=\"elementor-post__text\">\n\t\t\t\t<h3 class=\"elementor-post__title\">\n\t\t\t<a href=\"https:\/\/oftalmologodeloeste.com\/staging\/8987\/condicion\/miopia\/\" >\n\t\t\t\tMiop\u00eda\t\t\t<\/a>\n\t\t<\/h3>\n\t\t\t\t<\/div>\n\t\t\t\t<\/article>\n\t\t\t\t<article class=\"elementor-post elementor-grid-item post-206 condicion type-condicion status-publish has-post-thumbnail hentry\" role=\"listitem\">\n\t\t\t\t<a class=\"elementor-post__thumbnail__link\" href=\"https:\/\/oftalmologodeloeste.com\/staging\/8987\/condicion\/ojo-seco\/\" tabindex=\"-1\" >\n\t\t\t<div class=\"elementor-post__thumbnail\"><img loading=\"lazy\" decoding=\"async\" loading=\"lazy\" width=\"300\" height=\"200\" src=\"https:\/\/oftalmologodeloeste.com\/staging\/8987\/wp-content\/uploads\/2026\/04\/ojoSeco-300x200.webp\" class=\"attachment-medium size-medium wp-image-42\" alt=\"\" srcset=\"https:\/\/oftalmologodeloeste.com\/staging\/8987\/wp-content\/uploads\/2026\/04\/ojoSeco-300x200.webp 300w, https:\/\/oftalmologodeloeste.com\/staging\/8987\/wp-content\/uploads\/2026\/04\/ojoSeco-1024x683.webp 1024w, https:\/\/oftalmologodeloeste.com\/staging\/8987\/wp-content\/uploads\/2026\/04\/ojoSeco-768x512.webp 768w, https:\/\/oftalmologodeloeste.com\/staging\/8987\/wp-content\/uploads\/2026\/04\/ojoSeco.webp 1536w\" sizes=\"auto, (max-width: 300px) 100vw, 300px\" \/><\/div>\n\t\t<\/a>\n\t\t\t\t<div class=\"elementor-post__text\">\n\t\t\t\t<h3 class=\"elementor-post__title\">\n\t\t\t<a href=\"https:\/\/oftalmologodeloeste.com\/staging\/8987\/condicion\/ojo-seco\/\" >\n\t\t\t\tOjo Seco\t\t\t<\/a>\n\t\t<\/h3>\n\t\t\t\t<\/div>\n\t\t\t\t<\/article>\n\t\t\t\t<article class=\"elementor-post elementor-grid-item post-207 condicion type-condicion status-publish has-post-thumbnail hentry\" role=\"listitem\">\n\t\t\t\t<a class=\"elementor-post__thumbnail__link\" href=\"https:\/\/oftalmologodeloeste.com\/staging\/8987\/condicion\/pinguecula-y-pterigio\/\" tabindex=\"-1\" >\n\t\t\t<div class=\"elementor-post__thumbnail\"><img loading=\"lazy\" decoding=\"async\" loading=\"lazy\" width=\"300\" height=\"200\" src=\"https:\/\/oftalmologodeloeste.com\/staging\/8987\/wp-content\/uploads\/2026\/04\/Pinguecula-y-Pterigio-300x200.webp\" class=\"attachment-medium size-medium wp-image-44\" alt=\"\" srcset=\"https:\/\/oftalmologodeloeste.com\/staging\/8987\/wp-content\/uploads\/2026\/04\/Pinguecula-y-Pterigio-300x200.webp 300w, https:\/\/oftalmologodeloeste.com\/staging\/8987\/wp-content\/uploads\/2026\/04\/Pinguecula-y-Pterigio-1024x683.webp 1024w, https:\/\/oftalmologodeloeste.com\/staging\/8987\/wp-content\/uploads\/2026\/04\/Pinguecula-y-Pterigio-768x512.webp 768w, https:\/\/oftalmologodeloeste.com\/staging\/8987\/wp-content\/uploads\/2026\/04\/Pinguecula-y-Pterigio.webp 1536w\" sizes=\"auto, (max-width: 300px) 100vw, 300px\" \/><\/div>\n\t\t<\/a>\n\t\t\t\t<div class=\"elementor-post__text\">\n\t\t\t\t<h3 class=\"elementor-post__title\">\n\t\t\t<a href=\"https:\/\/oftalmologodeloeste.com\/staging\/8987\/condicion\/pinguecula-y-pterigio\/\" >\n\t\t\t\tPing\u00fc\u00e9cula y Pterigio\t\t\t<\/a>\n\t\t<\/h3>\n\t\t\t\t<\/div>\n\t\t\t\t<\/article>\n\t\t\t\t<article class=\"elementor-post elementor-grid-item post-208 condicion type-condicion status-publish has-post-thumbnail hentry\" role=\"listitem\">\n\t\t\t\t<a class=\"elementor-post__thumbnail__link\" href=\"https:\/\/oftalmologodeloeste.com\/staging\/8987\/condicion\/presbicia\/\" tabindex=\"-1\" >\n\t\t\t<div class=\"elementor-post__thumbnail\"><img loading=\"lazy\" decoding=\"async\" loading=\"lazy\" width=\"300\" height=\"200\" src=\"https:\/\/oftalmologodeloeste.com\/staging\/8987\/wp-content\/uploads\/2026\/04\/Presbicia-300x200.webp\" class=\"attachment-medium size-medium wp-image-47\" alt=\"\" srcset=\"https:\/\/oftalmologodeloeste.com\/staging\/8987\/wp-content\/uploads\/2026\/04\/Presbicia-300x200.webp 300w, https:\/\/oftalmologodeloeste.com\/staging\/8987\/wp-content\/uploads\/2026\/04\/Presbicia-1024x683.webp 1024w, https:\/\/oftalmologodeloeste.com\/staging\/8987\/wp-content\/uploads\/2026\/04\/Presbicia-768x512.webp 768w, https:\/\/oftalmologodeloeste.com\/staging\/8987\/wp-content\/uploads\/2026\/04\/Presbicia.webp 1536w\" sizes=\"auto, (max-width: 300px) 100vw, 300px\" \/><\/div>\n\t\t<\/a>\n\t\t\t\t<div class=\"elementor-post__text\">\n\t\t\t\t<h3 class=\"elementor-post__title\">\n\t\t\t<a href=\"https:\/\/oftalmologodeloeste.com\/staging\/8987\/condicion\/presbicia\/\" >\n\t\t\t\tPresbicia\t\t\t<\/a>\n\t\t<\/h3>\n\t\t\t\t<\/div>\n\t\t\t\t<\/article>\n\t\t\t\t<article class=\"elementor-post elementor-grid-item post-209 condicion type-condicion status-publish has-post-thumbnail hentry\" role=\"listitem\">\n\t\t\t\t<a class=\"elementor-post__thumbnail__link\" href=\"https:\/\/oftalmologodeloeste.com\/staging\/8987\/condicion\/retinopatia-diabetica\/\" tabindex=\"-1\" >\n\t\t\t<div class=\"elementor-post__thumbnail\"><img loading=\"lazy\" decoding=\"async\" loading=\"lazy\" width=\"300\" height=\"200\" src=\"https:\/\/oftalmologodeloeste.com\/staging\/8987\/wp-content\/uploads\/2026\/04\/retinopatiaDabetica-300x200.webp\" class=\"attachment-medium size-medium wp-image-48\" alt=\"\" srcset=\"https:\/\/oftalmologodeloeste.com\/staging\/8987\/wp-content\/uploads\/2026\/04\/retinopatiaDabetica-300x200.webp 300w, https:\/\/oftalmologodeloeste.com\/staging\/8987\/wp-content\/uploads\/2026\/04\/retinopatiaDabetica-1024x683.webp 1024w, https:\/\/oftalmologodeloeste.com\/staging\/8987\/wp-content\/uploads\/2026\/04\/retinopatiaDabetica-768x512.webp 768w, https:\/\/oftalmologodeloeste.com\/staging\/8987\/wp-content\/uploads\/2026\/04\/retinopatiaDabetica.webp 1536w\" sizes=\"auto, (max-width: 300px) 100vw, 300px\" \/><\/div>\n\t\t<\/a>\n\t\t\t\t<div class=\"elementor-post__text\">\n\t\t\t\t<h3 class=\"elementor-post__title\">\n\t\t\t<a href=\"https:\/\/oftalmologodeloeste.com\/staging\/8987\/condicion\/retinopatia-diabetica\/\" >\n\t\t\t\tRetinopat\u00eda Diab\u00e9tica\t\t\t<\/a>\n\t\t<\/h3>\n\t\t\t\t<\/div>\n\t\t\t\t<\/article>\n\t\t\t\t<\/div>\n\t\t\n\t\t\t\t\t\t<\/div>\n\t\t\t\t<\/div>\n\t\t\t\t\t<\/div>\n\t\t\t\t<\/div>\n\t\t\t\t<\/div>\n\t\t","protected":false},"excerpt":{"rendered":"<p>El Instituto Oftalmol\u00f3gico Porta del Sol le da la bienvenida a nuestra p\u00e1gina de Condiciones que atendemos, un recurso creado para orientar a la comunidad<\/p>\n","protected":false},"author":2,"featured_media":0,"parent":0,"menu_order":0,"comment_status":"closed","ping_status":"closed","template":"","meta":{"_acf_changed":false,"nf_dc_page":"","footnotes":""},"class_list":["post-149","page","type-page","status-publish","hentry"],"acf":[],"_links":{"self":[{"href":"https:\/\/oftalmologodeloeste.com\/staging\/8987\/wp-json\/wp\/v2\/pages\/149","targetHints":{"allow":["GET"]}}],"collection":[{"href":"https:\/\/oftalmologodeloeste.com\/staging\/8987\/wp-json\/wp\/v2\/pages"}],"about":[{"href":"https:\/\/oftalmologodeloeste.com\/staging\/8987\/wp-json\/wp\/v2\/types\/page"}],"author":[{"embeddable":true,"href":"https:\/\/oftalmologodeloeste.com\/staging\/8987\/wp-json\/wp\/v2\/users\/2"}],"replies":[{"embeddable":true,"href":"https:\/\/oftalmologodeloeste.com\/staging\/8987\/wp-json\/wp\/v2\/comments?post=149"}],"version-history":[{"count":32,"href":"https:\/\/oftalmologodeloeste.com\/staging\/8987\/wp-json\/wp\/v2\/pages\/149\/revisions"}],"predecessor-version":[{"id":623,"href":"https:\/\/oftalmologodeloeste.com\/staging\/8987\/wp-json\/wp\/v2\/pages\/149\/revisions\/623"}],"wp:attachment":[{"href":"https:\/\/oftalmologodeloeste.com\/staging\/8987\/wp-json\/wp\/v2\/media?parent=149"}],"curies":[{"name":"wp","href":"https:\/\/api.w.org\/{rel}","templated":true}]}}